91 divide 2292?
True
Is 23 a factor of 16515265?
True
Is 271 a factor of 4113225?
False
Is 14 a factor of 986090?
True
Is 159828 a multiple of 38?
True
Does 38 divide 681606?
True
Is 17 a factor of 446607?
True
Is 1870075 a multiple of 917?
False
Does 3 divide 33418?
False
Does 268 divide 9158096?
True
Is 231864 a multiple of 61?
False
Is 392646 a multiple of 177?
False
Is 13 a factor of 2262130?
True
Is 299860 a multiple of 20?
True
Is 10 a factor of 6781?
False
Is 451 a factor of 2093993?
True
Is 1085071 a multiple of 880?
False
Is 213 a factor of 4868754?
True
Is 128 a factor of 2997969?
False
Does 10 divide 1855500?
True
Does 10 divide 1261850?
True
Does 174 divide 2055702?
False
Does 11 divide 528917?
False
Is 110528 a multiple of 57?
False
Is 5 a factor of 104990?
True
Is 5141341 a multiple of 31?
False
Is 1398 a factor of 3525304?
False
Is 122 a factor of 894382?
True
Is 498452 a multiple of 29?
True
Does 9 divide 93789?
True
Is 103 a factor of 86440?
False
Is 5022956 a multiple of 39?
False
Is 27 a factor of 17750232?
True
Does 17 divide 256003?
True
Does 486 divide 139968?
True
Does 36 divide 26810?
False
Is 18 a factor of 715157?
False
Is 1086195 a multiple of 435?
True
Is 365141 a multiple of 379?
False
Is 40 a factor of 9596600?
True
Is 1397940 a multiple of 138?
True
Is 604138 a multiple of 47?
True
Is 35 a factor of 243493?
False
Is 2 a factor of 587428?
True
Does 27 divide 422958?
False
Is 2429553 a multiple of 95?
False
Is 8 a factor of 294271?
False
Is 2065943 a multiple of 246?
False
Is 49 a factor of 2104452?
True
Does 26 divide 56434?
False
Does 319 divide 264451?
True
Is 696093 a multiple of 16?
False
Is 21972772 a multiple of 34?
True
Does 4 divide 59879?
False
Does 7 divide 12712028?
True
Is 123097 a multiple of 20?
False
Is 50 a factor of 61373?
False
Is 327787 a multiple of 29?
True
Is 8669053 a multiple of 20?
False
Does 406 divide 160370?
True
Is 41 a factor of 2090713?
True
Is 202 a factor of 4268458?
False
Does 4 divide 43876?
True
Does 27 divide 76648?
False
Is 8128172 a multiple of 39?
False
Is 56 a factor of 5616352?
True
Is 24 a factor of 13231592?
False
Is 312180 a multiple of 66?
True
Does 514 divide 72681?
False
Does 73 divide 1149314?
False
Is 5 a factor of 42708?
False
Is 327 a factor of 310728?
False
Is 1505621 a multiple of 767?
True
Is 3491150 a multiple of 655?
True
Does 143 divide 2262154?
False
Is 10 a factor of 345568?
False
Is 142 a factor of 1910923?
False
Does 38 divide 83130?
False
Does 49 divide 20923?
True
Is 32579 a multiple of 11?
False
Is 549424 a multiple of 46?
True
Is 570390 a multiple of 20?
False
Does 158 divide 1165001?
False
Is 138656 a multiple of 14?
True
Is 341106 a multiple of 163?
False
Does 30 divide 219445?
False
Does 183 divide 7018050?
True
Does 31 divide 658130?
True
Is 91 a factor of 10205159?
False
Is 7619721 a multiple of 29?
True
Is 631069 a multiple of 41?
False
Does 11 divide 11444048?
True
Is 3647467 a multiple of 307?
True
Is 306 a factor of 1551683?
False
Does 14 divide 176764?
True
Is 5264125 a multiple of 19?
False
Is 105 a factor of 8410030?
False
Is 24472 a multiple of 12?
False
Does 69 divide 910838?
False
Is 111 a factor of 12123531?
True
Does 102 divide 297024?
True
Is 67 a factor of 2635084?
False
Is 133661 a multiple of 11?
True
Does 97 divide 310260?
False
Is 22 a factor of 4450974?
True
Does 51 divide 3260277?
True
Is 129950 a multiple of 113?
True
Is 743 a factor of 1177655?
True
Is 24 a factor of 890208?
True
Is 2005830 a multiple of 23?
True
Is 18 a factor of 95292?
True
Is 2500 a multiple of 126?
False
Is 23 a factor of 356052?
False
Is 43 a factor of 638329?
False
Does 24 divide 3138048?
True
Does 314 divide 7661600?
True
Does 197 divide 1822447?
True
Does 55 divide 81817?
False
Does 6 divide 10674?
True
Is 4686150 a multiple of 350?
True
Does 10 divide 35713?
False
Does 61 divide 431331?
True
Is 526234 a multiple of 12?
False
Does 41 divide 1304948?
True
Is 63 a factor of 16209290?
False
Is 579667 a multiple of 50?
False
Does 137 divide 39842371?
False
Is 25 a factor of 3675?
True
Does 9 divide 495666?
True
Is 38732 a multiple of 46?
True
Is 14 a factor of 17289645?
False
Is 214785 a multiple of 119?
False
Is 184670 a multiple of 20?
False
Is 108 a factor of 7072482?
False
Does 16 divide 36752?
True
Is 394 a factor of 10656124?
True
Does 200 divide 1145200?
True
Is 527488 a multiple of 32?
True
Is 157 a factor of 844097?
False
Is 162 a factor of 349596?
True
Is 193 a factor of 214423?
True
Is 116 a factor of 2911354?
False
Does 238 divide 9520?
True
Is 4 a factor of 1074796?
True
Is 45 a factor of 135317?
False
Is 293169 a multiple of 13?
False
Does 237 divide 8873043?
True
Is 121 a factor of 5645414?
False
Does 179 divide 9179657?
True
Does 592 divide 727568?
True
Is 5583304 a multiple of 4?
True
Does 107 divide 611594?
False
Is 9 a factor of 2024190?
True
Does 89 divide 158119?
False
Is 21 a factor of 7073?
False
Does 12 divide 308179?
False
Is 345800 a multiple of 200?
True
Does 162 divide 92664?
True
Does 128 divide 394880?
True
Does 176 divide 2055680?
True
Is 6 a factor of 1106586?
True
Does 13 divide 468702?
True
Is 106 a factor of 204333?
False
Is 21 a factor of 326622?
False
Is 18 a factor of 937368?
True
Does 14 divide 2593148?
False
Is 10 a factor of 26314?
False
Is 11720365 a multiple of 1213?
False
Does 1364 divide 12842296?
False
Is 16 a factor of 198384?
True
Is 2 a factor of 29596?
True
Does 221 divide 1321753?
False
Does 13 divide 4635410?
True
Does 369 divide 583831?
False
Is 224 a multiple of 12?
False
Is 10 a factor of 677618?
False
Does 24 divide 622464?
True
Is 91219 a multiple of 19?
True
Is 14 a factor of 740889?
False
Does 4 divide 314724?
True
Does 144 divide 275760?
True
Does 8 divide 537480?
True
Is 8 a factor of 6648?
True
Is 1049261 a multiple of 167?
True
Does 56 divide 135541?
False
Is 6839376 a multiple of 888?
True
Is 244 a factor of 207105?
False
Is 37 a factor of 46139?
True
Does 17 divide 11440745?
True
Is 503620 a multiple of 260?
True
Is 87 a factor of 58019?
False
Is 1191656 a multiple of 18?
False
Does 54 divide 4974264?
True
Is 147416 a multiple of 8?
True
Does 14 divide 654402?
True
Does 45 divide 1188135?
True
Is 1296663 a multiple of 197?
False
Does 109 divide 604405?
True
Does 730 divide 56873?
False
Does 27 divide 8684135?
False
Is 7507136 a multiple of 26?
True
Does 216 divide 4004640?
True
Is 311773 a multiple of 77?
True
Is 3966894 a multiple of 38?
False
Is 16 a factor of 658261?
False
Does 87 divide 76473?
True
Is 122155 a multiple of 213?
False
Does 67 divide 588796?
True
Is 219 a factor of 428182?
False
Is 191 a factor of 942203?
True
Is 224 a factor of 246848?
True
Does 32 divide 785376?
True
Is 422048 a multiple of 14?
False
Is 1613147 a multiple of 31?
True
Is 8 a factor of 347859?
False
Is 32 a factor of 14309309?
False
Does 22 divide 13913551?
False
Is 505252 a multiple of 44?
True
Does 71 divide 3812170?
False
Is 803359 a multiple of 225?
False
Does 46 divide 455718?
False
Is 12 a factor of 719184?
True
Is 855290 a multiple of 89?
True
Is 486144 a multiple of 72?
True
Is 40 a factor of 31800?
True
Does 387 divide 1123461?
True
Does 45 divide 229275?
True
Is 76 a factor of 74556?
True
Is 439 a factor of 3458155?
False
Is 8790390 a multiple of 35?
True
Does 58 divide 17342?
True
Is 88069 a multiple of 4?
False
Is 276 a factor of 615065?
False
Is 455 a factor of 2748354?
False
Does 41 divide 2044785?
False
Is 127275 a multiple of 5?
True
Does 24 divide 987672?
True
Is 36378 a multiple of 38?
False
Is 457695 a multiple of 7?
True
Does 127 divide 5535509?
False
Is 1348257 a multiple of 25?
False
Is 160773 a multiple of 26?
False
Is 15 a factor of 3029172?
False
Is 72 a factor of 282058?
False
Is 140739 a multiple of 41?
False
Does 144 divide 4835952?
True
Is 8 a factor of 6242962?
False
Is 9 a factor of 114084?
True
Is 186 a factor of 783639?
False
Does 2 divide 8040?
True
Does 111 divide 3350091?
True
Does 227 divide 259064?
False
Does 2 divide 64239?
False
Is 326025 a multiple of 161?
True
Is 348 a factor of 4836156?
True
Is 16 a factor of 10832?
True
Is 345870 a multiple of 35?
True
Is 50 a factor of 19520?
False
Does 40 divide 296440?
True
Is 6 a factor of 2080296?
True
Does 323 divide